2395707?
7
What is the tens digit of 1494446?
4
What is the thousands digit of 698338?
8
What is the tens digit of 1611045?
4
What is the millions digit of 1181199?
1
What is the hundreds digit of 322479?
4
What is the ten thousands digit of 679991?
7
What is the tens digit of 500132?
3
What is the units digit of 2080937?
7
What is the hundred thousands digit of 3049240?
0
What is the thousands digit of 246535?
6
What is the hundred thousands digit of 1812068?
8
What is the ten thousands digit of 103536?
0
What is the tens digit of 166129?
2
What is the ten thousands digit of 134669?
3
What is the units digit of 182767?
7
What is the tens digit of 6414228?
2
What is the hundreds digit of 329342?
3
What is the tens digit of 17235?
3
What is the units digit of 3024422?
2
What is the tens digit of 726030?
3
What is the hundreds digit of 15626?
6
What is the hundred thousands digit of 19625461?
6
What is the tens digit of 25646030?
3
What is the millions digit of 16341410?
6
What is the millions digit of 3010558?
3
What is the hundred thousands digit of 178730?
1
What is the tens digit of 261297?
9
What is the units digit of 317492?
2
What is the hundreds digit of 7427008?
0
What is the tens digit of 384405?
0
What is the thousands digit of 7334842?
4
What is the tens digit of 637486?
8
What is the units digit of 34517115?
5
What is the units digit of 16898932?
2
What is the tens digit of 13044411?
1
What is the units digit of 645847?
7
What is the millions digit of 10334809?
0
What is the tens digit of 7090525?
2
What is the thousands digit of 3316111?
6
What is the hundreds digit of 7891363?
3
What is the thousands digit of 665012?
5
What is the ten thousands digit of 2146226?
4
What is the hundreds digit of 15197123?
1
What is the units digit of 652410?
0
What is the ten thousands digit of 6252386?
5
What is the hundreds digit of 5985945?
9
What is the hundred thousands digit of 225926?
2
What is the hundreds digit of 5846513?
5
What is the units digit of 27619581?
1
What is the hundreds digit of 3338681?
6
What is the units digit of 3771422?
2
What is the ten thousands digit of 276540?
7
What is the tens digit of 225429?
2
What is the hundred thousands digit of 671474?
6
What is the units digit of 73704?
4
What is the tens digit of 11850048?
4
What is the ten thousands digit of 201359?
0
What is the millions digit of 1506750?
1
What is the thousands digit of 13678058?
8
What is the millions digit of 8256767?
8
What is the thousands digit of 2854322?
4
What is the ten millions digit of 37836829?
3
What is the units digit of 1267753?
3
What is the thousands digit of 16373926?
3
What is the hundreds digit of 1440254?
2
What is the tens digit of 2516069?
6
What is the hundreds digit of 154928?
9
What is the ten thousands digit of 390089?
9
What is the hundreds digit of 4872383?
3
What is the ten thousands digit of 975668?
7
What is the units digit of 647300?
0
What is the hundreds digit of 678053?
0
What is the ten thousands digit of 4615384?
1
What is the millions digit of 6973777?
6
What is the units digit of 1075638?
8
What is the millions digit of 3318737?
3
What is the hundred thousands digit of 1051047?
0
What is the hundred thousands digit of 20932623?
9
What is the tens digit of 238901?
0
What is the tens digit of 318701?
0
What is the thousands digit of 619089?
9
What is the millions digit of 14864728?
4
What is the units digit of 14041769?
9
What is the thousands digit of 5758638?
8
What is the tens digit of 1425165?
6
What is the thousands digit of 524529?
4
What is the units digit of 360039?
9
What is the thousands digit of 254570?
4
What is the ten millions digit of 19929481?
1
What is the tens digit of 15999725?
2
What is the tens digit of 16663361?
6
What is the tens digit of 76949?
4
What is the ten thousands digit of 27840632?
4
What is the units digit of 14493664?
4
What is the hundred thousands digit of 19174659?
1
What is the units digit of 147722?
2
What is the hundred thousands digit of 413941?
4
What is the ten thousands digit of 250616?
5
What is the ten thousands digit of 479238?
7
What is the tens digit of 153723?
2
What is the units digit of 4766285?
5
What is the units digit of 110601?
1
What is the ten thousands digit of 943417?
4
What is the hundreds digit of 203214?
2
What is the hundreds digit of 333721?
7
What is the ten thousands digit of 1989271?
8
What is the hundreds digit of 21949?
9
What is the ten thousands digit of 385972?
8
What is the units digit of 576416?
6
What is the units digit of 104112?
2
What is the ten thousands digit of 1977853?
7
What is the thousands digit of 316621?
6
What is the ten thousands digit of 69117?
6
What is the tens digit of 15538033?
3
What is the hundreds digit of 1302875?
8
What is the hundred thousands digit of 3526231?
5
What is the hundreds digit of 471945?
9
What is the millions digit of 2696950?
2
What is the millions digit of 1979376?
1
What is the hundred thousands digit of 126034?
1
What is the ten thousands digit of 628810?
2
What is the hundred thousands digit of 978686?
9
What is the ten thousands digit of 2488157?
8
What is the hundreds digit of 3175159?
1
What is the hundred thousands digit of 268076?
2
What is the units digit of 92013?
3
What is the millions digit of 2934432?
2
What is the hundred thousands digit of 4650637?
6
What is the hundreds digit of 375926?
9
What is the hundreds digit of 642617?
6
What is the hundreds digit of 349134?
1
What is the hundred thousands digit of 816025?
8
What is the tens digit of 710118?
1
What is the ten thousands digit of 2402113?
0
What is the units digit of 23585410?
0
What is the hundreds digit of 24799398?
3
What is the units digit of 152266?
6
What is the units digit of 17051297?
7
What is the thousands digit of 7414597?
4
What is the thousands digit of 1268049?
8
What is the hundred thousands digit of 7705398?
7
What is the units digit of 2399591?
1
What is the hundred thousands digit of 2494912?
4
What is the millions digit of 14358084?
4
What is the hundreds digit of 686402?
4
What is the hundred thousands digit of 32411569?
4
What is the hundreds digit of 2863735?
7
What is the thousands digit of 4710027?
0
What is the units digit of 825203?
3
What is the units digit of 31749?
9
What is the thousands digit of 5242431?
2
What is the ten thousands digit of 435720?
3
What is the hundreds digit of 797429?
4
What is the thousands digit of 2745345?
5
What is the ten thousands digit of 54542?
5
What is the hundred thousands digit of 172179?
1
What is the millions digit of 16688002?
6
What is the thousands digit of 7437571?
7
What is the units digit of 27601?
1
What is the tens digit of 4356435?
3
What is the millions digit of 1635677?
1
What is the hundreds digit of 625315?
3
What is the hundreds digit of 2150424?
4
What is the ten thousands digit of 364168?
6
What is the thousands digit of 261061?
1
What is the units digit of 1417080?
0
What is the thousands digit of 90583?
0
What is the tens digit of 245204?
0
What is the tens digit of 3935885?
8
What is the hundreds digit of 82045?
0
What is the units digit of 1705370?
0
What is the hundreds digit of 530403?
4
What is the thousands digit of 841809?
1
What is the ten thousands digit of 2548782?
4
What is the ten thousands digit of 10737947?
3
What is the thousands digit of 7401282?
1
What is the hundreds digit of 306373?
3
What is the thousands digit of 28398758?
8
What is the hundred thousands digit of 1144332?
1
What is the tens digit of 32612?
1
What is the ten thousands digit of 102548?
0
What is the millions digit of 6396364?
6
What is the thousands digit of 403529?
3
What is the thousands digit of 13020376?
0
What is the ten thousands digit of 255912?
5
What is the hundreds digit of 17187227?
2
What is the ten thousands digit of 276653?
7
What is the tens digit of 2161106?
0
What is the units digit of 217575?
5
What is the thousands digit of 3196429?
6
What is the millions digit of 1297624?
1
What is the tens digit of 26903?
0
What is the hundreds digit of 1242662?
6
What is the thousands digit of 422299?
2
What is the hundred thousands digit of 653316?
6
What is the ten thousands digit of 5744608?
4
What is the hundreds digit of 364718?
7
What is the hundred